(y/6) is divided by n.
3
Let t = -4 + -4. Let v = 28 - 15. Calculate the remainder when v is divided by (t + 1)*(0 - 1).
6
Let x(t) = -5*t - 1. Let h be x(-1). Suppose -3*w - 3*m - 78 = 0, -2*w = -6*w + h*m - 120. What is the remainder when 0 - 1 - w/4 is divided by 4?
2
Suppose -25*r = -28*r + 54. Suppose 0 = -2*x - 1 + 105. Calculate the remainder when x is divided by r.
16
Let f be 2/9 - 16/(-9). Let a = f - -11. Let r(t) = t**2. What is the remainder when r(-7) is divided by a?
10
Let s(b) = -5*b**3 + b**3 - 10*b - 4 + 5*b**3 + 7*b**2. What is the remainder when s(-8) is divided by 5?
2
Let p = -8 + 23. What is the remainder when 59 is divided by p?
14
Suppose 3*i + 3 = 57. What is the remainder when i is divided by 10?
8
Suppose r = 4*r - 96. Suppose 4*j = -4*v + 112 - r, v - 3*j = 12. Calculate the remainder when 34 is divided by v.
16
Suppose 0*i - 3*f + 180 = 4*i, -5*i - 5*f + 225 = 0. Suppose 5*t = t - 3*b - 4, 4*b = -5*t - 4. What is the remainder when i is divided by t*3/(-6) - -10?
9
Let p = 25 - 11. Calculate the remainder when p is divided by 8.
6
Let o = 5 + 2. Let a = 17 - 4. What is the remainder when a is divided by o?
6
Suppose 2*s - s + 7 = b, -20 = -5*s. Let g(k) = -k + 20. What is the remainder when g(0) is divided by b?
9
Suppose -21*h = -12*h - 261. Calculate the remainder when 85 is divided by h.
27
Let a be -6 - -2*(-1)/(-2). Let m(j) = -j**2 - 8*j + 6. Let w be m(a). Suppose 0 = b - w + 3. Calculate the remainder when 52 is divided by b.
16
Let f(z) = z**2 + 7*z + 6. Let m be f(-7). Suppose j - m = -2. Let w(b) = 4*b**2 - 4*b - 4. Calculate the remainder when w(j) is divided by 15.
14
Suppose -4 = 4*z, -f + 10*z + 20 = 5*z. What is the remainder when 71 is divided by f?
11
Let j = 6 + -12. Let b = j - -8. What is the remainder when b is divided by 1?
0
Let f be (-4 - 12) + (1 - 0). Let o = -1 - f. Calculate the remainder when o is divided by 8.
6
Suppose -2*h + 50 = 2*w, -3*h + 103 = 4*w - 0*w. Calculate the remainder when w is divided by 15.
13
Let u(p) = p + 8. Let s be u(-8). What is the remainder when (s + 13/3)*21 is divided by 23?
22
Let k be (-404 + 2)*1/(-3). Let p = k + -93. What is the remainder when p is divided by 14?
13
Calculate the remainder when (-134)/(-10) - 2/5 is divided by -7 + 9 - -5*1.
6
Let b be (-4)/(-6)*24/4. Suppose -5*u + b*k + 316 = -0*k, u - 3*k = 61. Calculate the remainder when u is divided by 22.
20
Suppose -2*u + u = -60. Calculate the remainder when u is divided by 21.
18
Suppose 0 = -4*b + 174 + 54. Calculate the remainder when b is divided by ((-27)/(-36))/(1/20).
12
Let w(p) = -2*p - 3. Let f be w(-5). Calculate the remainder when (-1525)/(-35) - (-3)/f is divided by 23.
21
Let u(l) be the second derivative of 2*l**3/3 + l. Let i = 10 - 5. Calculate the remainder when u(i) is divided by 11.
9
Let u = 51 + -40. What is the remainder when 21 is divided by u?
10
Let f = -40 - -153. Let q = f + -32. Calculate the remainder when q is divided by 28.
25
Calculate the remainder when 14 is divided by (-44)/(-6) + 4/6.
6
Let h be ((-705)/10)/((-2)/4). Suppose -4*n = -u + 83, 2*u - 4*n = h + 5. What is the remainder when u is divided by 16?
15
Suppose 2*q = -4 + 6, -4*u - 4*q + 76 = 0. What is the remainder when 28 is divided by u?
10
Let b(d) = -d**2 - 9*d + 13. What is the remainder when b(-9) is divided by 7?
6
Let i(d) = 11*d + 58. What is the remainder when (1*3)/(9/24) is divided by i(-5)?
2
Suppose s + 4 = 27. Suppose 2*r + 32 = 6*r. Calculate the remainder when s is divided by r.
7
Suppose 49 = 4*n - o - 90, 0 = -o + 1. Suppose -2 = 4*v - 38. Calculate the remainder when n is divided by v.
8
Suppose 2*p = -0*p + 256. What is the remainder when p is divided by 43?
42
Let v(f) = -f + 3. Let a be v(4). Let g = a + 11. What is the remainder when 39 is divided by g?
9
Suppose 0*q - q - 86 = 0. Let v = -58 - q. What is the remainder when v is divided by 15?
13
Let y(h) = h**2 - 3*h + 7. Let v be y(-5). Suppose -c = n - 0*c + v, -5*c = -n - 35. Let t = n + 81. What is the remainder when t is divided by 19?
17
Let n = 2 - -5. Calculate the remainder when 49/4 - 3/12 is divided by n.
5
Suppose -2*u + 3 = -5. Let s = -1 - -14. Calculate the remainder when s is divided by u.
1
Let s(n) = 2*n + 1. Let x be ((2 - 1)*0)/1. Suppose -3*i + 41 = 2*i + k, -i - k + 9 = x. Calculate the remainder when i is divided by s(1).
2
Suppose -2*t + 12 = -o + 32, 4*t - 2 = -o. What is the remainder when 39 is divided by o?
11
Suppose 0 = -2*x + 15 + 11. Let z(n) = n**3 + 3*n**2 - 2*n + 4. Let l be z(-4). Let a = 3 - l. Calculate the remainder when x is divided by a.
6
Suppose 5*y = 5*z + 2*y - 282, 228 = 4*z - 3*y. Suppose r = 4*r - z. What is the remainder when 53 is divided by r?
17
Calculate the remainder when 46 is divided by (-10)/(-25) + 116/10.
10
Let b(r) = -2*r**3 + 9*r**2 - 3*r + 10. Calculate the remainder when b(4) is divided by 5.
4
Calculate the remainder when -1*(0 - (-105)/(-3)) is divided by 8.
3
Suppose -2*z + 7*r = 4*r - 24, 0 = 2*z + 5*r - 24. Let s(j) = j**3 + j**2 + 7. Calculate the remainder when z is divided by s(0).
5
Let q = -28 + 75. What is the remainder when q is divided by 17?
13
What is the remainder when 10 is divided by (-12)/(4*-2 + 3 - -3)?
4
Suppose 0 = 4*y - 187 - 289. What is the remainder when y is divided by 30?
29
Let c(x) = 109*x**3 + 2*x**2 - 2*x + 1. Let n be c(1). Suppose -g = 0, -3*v + 3*g + n = 2*v. Let q = v - 9. What is the remainder when 23 is divided by q?
10
Let p = -12 - -17. Suppose -x + 3 = -1. Suppose -z - 2*h + 90 = x*z, 54 = 3*z + p*h. Calculate the remainder when z is divided by 10.
8
Let y(b) = 5*b - 37. Calculate the remainder when y(16) is divided by 17.
9
Let w = 119 + -107. What is the remainder when 272/6 - (-6)/9 is divided by w?
10
Suppose 3*j + 4*o - 65 - 28 = 0, j - 36 = -3*o. Calculate the remainder when 104 is divided by j.
23
Let h(d) = -d**3 - 9*d**2 - 10*d - 2. Suppose 0 = -s + 2, -4 - 52 = -2*p - 3*s. Calculate the remainder when p is divided by h(-8).
11
Let u(h) = 52*h**2 - 1. Let o be u(1). Let f = -27 + o. Let i = 12 - -1. Calculate the remainder when f is divided by i.
11
Suppose -r = -3*r - 28. Let c = 30 + r. Calculate the remainder when 47 is divided by c.
15
Let n(u) = -3*u - 1. Let o be 2/(3 - -1)*12. Let r = 7 - o. What is the remainder when n(-1) is divided by r?
0
Let o(p) = -52*p**3 - p - 1. Let c be o(-1). Let d = c + -29. Let q(y) = y**2 + 11*y. Calculate the remainder when d is divided by q(-12).
11
Suppose 2*l = 2*u + 22, -u + 17 = 2*l - 8. Calculate the remainder when 21 is divided by l.
9
Let n(v) = -2*v**3 - 3*v**2 + 2*v + 5. Calculate the remainder when n(-3) is divided by 7.
5
Calculate the remainder when 33/(1/2 - -1) is divided by (-6)/18 - 100/(-12).
6
Suppose 0 = -4*x + 298 - 22. What is the remainder when x is divided by 8?
5
Let v(u) = -u**3 - u**2 + 1. Let f be v(0). What is the remainder when (0 + 2)/(f/11) is divided by 12?
10
Suppose -4*m - 5*s = -23, -6 + 0 = -2*s. Suppose 0 = 5*c - 4*c - m*l - 110, -2*l = -3*c + 338. Calculate the remainder when c is divided by 29.
27
Let v(h) = -3*h + 10 + 4*h - 2. Calculate the remainder when v(-7) is divided by 1.
0
Let y = 12 + -12. Suppose -4*k + y*k + 3*z + 18 = 0, -k + z = -4. Calculate the remainder when k is divided by 4.
2
Let d = -28 + 37. Calculate the remainder when 16 is divided by d.
7
Let x(n) = 12*n**2 - 2*n - 2. What is the remainder when x(-3) is divided by 19?
17
Let w(l) = 19*l + 1. Calculate the remainder when w(4) is divided by 20.
17
Let j = 1 - 1. Suppose j = -3*a + 4*x + 73, -5*x = 2*a - 0 - 18. What is the remainder when (-1)/((-2)/(-5))*-22 is divided by a?
17
Suppose -32 = -6*x - 2. Suppose -3*c - 90 = -8*c. Calculate the remainder when c is divided by x.
3
Let b = -8 - -7. Calculate the remainder when 27 is divided by b - (-15)/(1/1).
13
Let u(b) = b**3 + 7*b**2 + 5*b + 6. Calculate the remainder when 47 is divided by u(-6).
11
Suppose 4*v = 4*u + 12, -u - 3*u - 8 = -3*v. Let w be (32/(-2))/((-3)/(-6)). What is the remainder when w/(-6) - 2/(-3) is divided by v?
2
Let p = 8 - 4. What is the remainder when 12 is divided by p?
0
Suppose -6 = f - 3*l - 2, 4*f = 3*l + 11. Let m = 0 - 1. Calculate the remainder when m + 4/(-2) - -17 is divid